1?
17
Calculate the highest common factor of 37604 and 158.
158
What is the highest common factor of 165 and 11517?
33
Calculate the greatest common divisor of 66 and 6974.
22
Calculate the highest common factor of 198 and 86823.
99
Calculate the highest common factor of 432396 and 36.
36
What is the highest common factor of 2016 and 3150?
126
What is the highest common factor of 7480 and 10538?
22
What is the highest common divisor of 197328 and 96?
48
What is the highest common divisor of 879060 and 156?
156
Calculate the greatest common divisor of 30222 and 27.
9
Calculate the greatest common divisor of 1048 and 103490.
262
Calculate the highest common divisor of 23291447 and 31.
31
Calculate the highest common divisor of 30936 and 120.
24
Calculate the greatest common factor of 47360 and 25.
5
What is the greatest common divisor of 1028705 and 5?
5
What is the greatest common factor of 6906 and 12?
6
What is the highest common divisor of 820 and 25625?
205
What is the highest common divisor of 189106 and 23?
23
Calculate the greatest common factor of 4256 and 5985.
133
Calculate the highest common factor of 9265 and 3488.
109
Calculate the greatest common factor of 1456 and 494130.
182
Calculate the highest common factor of 87 and 486.
3
What is the greatest common divisor of 63 and 1045521?
9
What is the highest common divisor of 822231 and 135?
27
Calculate the greatest common divisor of 28 and 154.
14
Calculate the highest common divisor of 5464 and 68.
4
What is the greatest common factor of 28 and 522130?
14
What is the greatest common factor of 18 and 409746?
6
Calculate the highest common factor of 726 and 334202.
242
What is the greatest common factor of 2799 and 144?
9
What is the highest common divisor of 500346 and 126?
126
Calculate the highest common factor of 3937 and 5461.
127
What is the greatest common factor of 195 and 107640?
195
Calculate the greatest common divisor of 436 and 38.
2
What is the greatest common factor of 5304 and 145197?
663
What is the highest common divisor of 109120 and 155?
155
Calculate the greatest common factor of 3752 and 39872.
56
What is the greatest common factor of 58 and 1068911?
29
What is the highest common factor of 76342 and 328?
82
What is the greatest common divisor of 513386 and 1070?
214
Calculate the greatest common divisor of 1323 and 1617.
147
Calculate the highest common factor of 4111 and 8.
1
What is the greatest common divisor of 23505 and 1320?
15
Calculate the highest common factor of 15138 and 3456.
18
Calculate the greatest common divisor of 41058 and 27.
9
Calculate the greatest common divisor of 1637 and 96583.
1637
What is the highest common factor of 180 and 374886?
18
What is the highest common factor of 13842 and 162?
18
Calculate the greatest common divisor of 544 and 234464.
544
Calculate the greatest common divisor of 354 and 78116.
118
What is the greatest common factor of 1815 and 171215?
605
What is the highest common divisor of 13507 and 72?
1
Calculate the highest common divisor of 70692 and 9.
3
What is the highest common divisor of 25350 and 523575?
975
Calculate the greatest common factor of 174230 and 22610.
1330
What is the highest common divisor of 4672 and 2263?
73
Calculate the greatest common divisor of 18431 and 1.
1
What is the highest common divisor of 5576 and 22100?
68
Calculate the greatest common factor of 1173 and 1326.
51
What is the greatest common divisor of 102483 and 177?
177
What is the greatest common factor of 8988 and 113634?
642
What is the greatest common factor of 10206 and 86427?
81
What is the highest common factor of 130 and 10963745?
65
Calculate the highest common factor of 130 and 47290.
10
Calculate the greatest common factor of 16191219 and 11.
11
Calculate the greatest common factor of 386194 and 38.
38
Calculate the highest common factor of 4225 and 32617.
169
What is the greatest common divisor of 1019223 and 324?
81
What is the highest common factor of 157650 and 325?
25
Calculate the greatest common factor of 2684 and 232276.
44
Calculate the highest common divisor of 656028 and 45.
9
Calculate the greatest common divisor of 117960 and 480.
120
What is the highest common divisor of 2061 and 2223?
9
Calculate the highest common divisor of 2124 and 16756.
236
Calculate the highest common divisor of 1238174 and 826.
826
What is the greatest common divisor of 465 and 210?
15
Calculate the highest common factor of 4584 and 18.
6
Calculate the greatest common divisor of 1991 and 44495.
11
What is the highest common divisor of 9380 and 198320?
1340
What is the highest common factor of 1648 and 155118?
206
Calculate the greatest common factor of 283 and 701.
1
What is the greatest common factor of 19533 and 5321?
17
Calculate the greatest common divisor of 2088 and 8616.
24
Calculate the highest common divisor of 726 and 473957.
121
What is the highest common factor of 3048948 and 518?
518
What is the highest common factor of 92703 and 663?
39
Calculate the greatest common factor of 114 and 8842.
2
Calculate the highest common divisor of 15 and 5988.
3
Calculate the highest common factor of 17545 and 66066.
121
Calculate the highest common factor of 21 and 23156.
7
What is the highest common divisor of 25 and 3332575?
25
Calculate the greatest common factor of 32 and 86896.
16
What is the highest common divisor of 440 and 1010?
10
What is the greatest common divisor of 27144 and 297453?
1131
Calculate the greatest common factor of 3570790 and 20.
10
Calculate the highest common divisor of 1365252 and 21.
21
What is the greatest common factor of 3186 and 4130?
118
Calculate the highest common divisor of 250 and 2410.
10
Calculate the greatest common factor of 96390 and 4080.
510
Calculate the greatest common divisor of 237825 and 14496.
453
Calculate the greatest common factor of 111 and 2815441.
37
What is the highest common divisor of 308 and 6524?
28
Calculate the highest common factor of 26617 and 516.
43
Calculate the highest common divisor of 374490 and 1425.
285
Calculate the greatest common divisor of 3940 and 4076915.
985
Calculate the greatest common divisor of 891 and 451.
11
What is the highest common factor of 462 and 1199?
11
Calculate the greatest common factor of 2229280 and 520.
40
Calculate the highest common divisor of 134580 and 960.
60
Calculate the greatest common divisor of 12 and 582801.
3
Calculate the greatest common divisor of 229672 and 760.
152
Calculate the highest common divisor of 229 and 115187.
229
What is the highest common divisor of 15974 and 4312?
98
Calculate the highest common divisor of 11 and 963347.
11
Calculate the highest common factor of 91191 and 3228.
807
What is the greatest common divisor of 30 and 2010070?
10
Calculate the greatest common factor of 97 and 126779.
97
Calculate the highest common factor of 40 and 86800.
40
What is the highest common factor of 348 and 20677?
29
Calculate the greatest common factor of 2676 and 12.
12
What is the greatest common divisor of 208 and 47024?
16
Calculate the highest common factor of 66300 and 1200.
300
Calculate the greatest common divisor of 4060 and 12145.
35
Calculate the highest common factor of 94 and 428734.
94
What is the greatest common factor of 299003 and 19?
19
What is the greatest common factor of 109715 and 20?
5
Calculate the greatest common divisor of 85725 and 1275.
75
Calculate the highest common divisor of 33509 and 21.
7
What is the highest common factor of 183008 and 516?
172
Calculate the highest common divisor of 111807 and 2952.
369
What is the highest common factor of 648 and 24984?
72
Calculate the greatest common factor of 253330 and 27401.
517
What is the highest common factor of 892555 and 5212?
1303
What is the greatest common divisor of 87 and 603171?
87
What is the greatest common divisor of 638 and 28512?
22
What is the highest common factor of 525 and 140775?
75
Calculate the greatest common divisor of 2240 and 4130.
70
What is the highest common divisor of 60 and 357810?
30
What is the highest common factor of 875 and 1277675?
175
Calculate the highest common divisor of 39637 and 65.
13
What is the greatest common divisor of 54636 and 21?
3
What is the greatest common divisor of 66 and 58564?
22
C